{"id":97,"date":"2025-06-05T20:56:17","date_gmt":"2025-06-05T18:56:17","guid":{"rendered":"https:\/\/vieventevent.com\/index.php\/accueil-2\/"},"modified":"2025-07-03T15:13:24","modified_gmt":"2025-07-03T13:13:24","slug":"bienvenue-chez-vievent","status":"publish","type":"page","link":"https:\/\/vieventevent.com\/","title":{"rendered":"Bienvenue chez Vi&#039;Event"},"content":{"rendered":"<div class=\"vce-row-container\" data-vce-boxed-width=\"true\"><div class=\"vce-row vce-row--col-gap-30 vce-row-equal-height vce-row-content--top\" id=\"el-d5bc23c2\" data-vce-do-apply=\"all el-d5bc23c2\"><div class=\"vce-row-content\" data-vce-element-content=\"true\"><div class=\"vce-col vce-col--md-auto vce-col--xs-1 vce-col--xs-last vce-col--xs-first vce-col--sm-last vce-col--sm-first vce-col--md-last vce-col--lg-last vce-col--xl-last vce-col--md-first vce-col--lg-first vce-col--xl-first\" id=\"el-242021b3\"><div class=\"vce-col-inner\" data-vce-do-apply=\"border margin background  el-242021b3\"><div class=\"vce-col-content\" data-vce-element-content=\"true\" data-vce-do-apply=\"padding el-242021b3\"><div class=\"vce-text-block\"><div class=\"vce-text-block-wrapper vce\" id=\"el-7cf796c7\" data-vce-do-apply=\"all el-7cf796c7\">\n<div class=\"wp-block-cover alignfull has-white-background-color has-background-dim hestia-clear-top-padding\">\n<div class=\"wp-block-cover__inner-container is-layout-flow wp-block-cover-is-layout-flow\">\n<h2 class=\"has-text-align-center has-text-color wp-block-heading\" style=\"color: #3c4858; line-height: 0.5;\"><span style=\"font-family: 'Dancing Script'; font-weight: 600; font-style: normal; font-size: 36pt; letter-spacing: 2px; color: #000000;\">Organisation sur mesure de tous vos \u00e9v\u00e8nements<\/span><\/h2>\n\n<div class=\"wp-block-spacer\" style=\"height: 40px;\" aria-hidden=\"true\">&nbsp;<\/div>\n\n<div class=\"wp-block-columns container is-layout-flex wp-container-core-columns-is-layout-28f84493 wp-block-columns-is-layout-flex\">\n<div class=\"wp-block-column is-layout-flow wp-block-column-is-layout-flow\">\n<div class=\"wp-block-image\">\n<figure class=\"aligncenter size-large\"><img decoding=\"async\" class=\"wp-image-70\" src=\"https:\/\/vieventevent.com\/wp-content\/themes\/hestia\/assets\/img\/feat1.png\" alt=\"\"><\/figure>\n<\/div>\n\n<h5 class=\"has-text-align-center has-text-color wp-block-heading\" style=\"color: #3c4858; font-size:clamp(14px, 0.875rem + ((1vw - 3.2px) * 0.354), 18px);px; text-align: center;\"><span style=\"font-family: 'Dancing Script'; font-size: 24pt;\">Nos services<\/span><\/h5>\n<p class=\"font_7\"><span style=\"color: #000000;\"><strong><span style=\"font-family: 'Petit Formal Script';\">Vi'Event est sp\u00e9cialis\u00e9 dans l'organisation personnalis\u00e9e de tous types d'\u00e9v\u00e8nements.<\/span><\/strong><\/span><\/p>\n<div class=\"wp-block-spacer\" style=\"height: 25px;\" aria-hidden=\"true\">\n<p class=\"font_7\"><span style=\"color: #000000;\"><strong><span style=\"font-family: 'Petit Formal Script';\">Que ce soit un mariage, un anniversair<\/span><\/strong><\/span><\/p>\n<img fetchpriority=\"high\" decoding=\"async\" class=\"wp-image-123 alignright\" style=\"font-family: 'Abhaya Libre';\" src=\"https:\/\/vieventevent.com\/wp-content\/uploads\/2025\/06\/unnamed-13-1-169x300.jpg\" alt=\"\" width=\"190\" height=\"337\" srcset=\"https:\/\/vieventevent.com\/wp-content\/uploads\/2025\/06\/unnamed-13-1-169x300.jpg 169w, https:\/\/vieventevent.com\/wp-content\/uploads\/2025\/06\/unnamed-13-1-576x1024.jpg 576w, https:\/\/vieventevent.com\/wp-content\/uploads\/2025\/06\/unnamed-13-1.jpg 1242w\" sizes=\"(max-width: 190px) 100vw, 190px\" \/>\n<p class=\"font_7\"><span style=\"color: #000000;\"><strong><span style=\"font-family: 'Petit Formal Script';\">e, une gender reveal, un bapt\u00eame ou m\u00eame une f\u00eate d'entreprise, nous nous occupons de tout pour rendre votre \u00e9v\u00e8nement inoubliable. De la location de mat\u00e9riel \u00e9v\u00e8nementiel est \u00e9galement possible. Et afin de personnaliser encore plus vos \u00e9v\u00e8nements nous vous proposons des confiseries et de la papeterie personnalis\u00e9es.&nbsp;<\/span><\/strong><\/span><\/p>\n<\/div>\n<p>&nbsp;<\/p>\n<\/div>\n<\/div>\n<\/div>\n<\/div>\n<p><span style=\"color: #000000;\"><strong><span style=\"font-family: 'Petit Formal Script';\"><!--more--><\/span><\/strong><\/span><\/p>\n<div class=\"wp-block-columns container\">\n<div class=\"wp-block-column col-md-5\"><span style=\"color: #000000;\"><strong><span style=\"font-family: 'Petit Formal Script';\"><\/span><\/strong><\/span>\n<p><em><strong><span style=\"font-family: 'Petit Formal Script'; color: #000000;\">D\u00e9couvrir nos offres<\/span><\/strong><\/em><\/p>\n<\/div>\n<div class=\"wp-block-column col-md-6 col-md-offset1\"><span style=\"color: #000000;\"><strong><span style=\"font-family: 'Petit Formal Script';\"><\/span><\/strong><\/span>\n<figure class=\"wp-block-image size-large\"><span style=\"color: #000000;\"><strong><span style=\"font-family: 'Petit Formal Script';\"><img decoding=\"async\" class=\"wp-image-81\" src=\"https:\/\/vieventevent.com\/wp-content\/themes\/hestia\/assets\/img\/about-content.png\" alt=\"\"><\/span><\/strong><\/span><\/figure>\n<span style=\"color: #000000;\"><strong><span style=\"font-family: 'Petit Formal Script';\"><\/span><\/strong><\/span>\n<p>&nbsp;<\/p>\n<\/div>\n<\/div>\n<\/div><\/div><div class=\"vce-text-block\"><div class=\"vce-text-block-wrapper vce\" id=\"el-addf178d\" data-vce-do-apply=\"all el-addf178d\">\n<div class=\"wp-block-cover alignfull has-white-background-color has-background-dim hestia-clear-top-padding\">\n<div class=\"wp-block-cover__inner-container is-layout-flow wp-block-cover-is-layout-flow\">\n<h2 class=\"has-text-align-center has-text-color wp-block-heading\" style=\"color: #3c4858; line-height: 0.5; text-align: center;\"><span style=\"font-family: 'Dancing Script'; font-size: 24pt;\">Notre galerie<\/span><\/h2>\n<\/div>\n<\/div>\n<div class=\"wp-block-columns container\">\n<div class=\"wp-block-column col-md-6 col-md-offset1\">\n<figure class=\"wp-block-image size-large\"><span style=\"font-size: 24pt;\"><span style=\"font-size: 24pt;\"><span style=\"font-size: 24pt;\"><img decoding=\"async\" class=\"wp-image-126 alignleft\" src=\"https:\/\/vieventevent.com\/wp-content\/uploads\/2025\/06\/6179445351947_fete-anniversaire-30-ans-indispensables-300x162.webp\" alt=\"\" width=\"331\" height=\"179\" srcset=\"https:\/\/vieventevent.com\/wp-content\/uploads\/2025\/06\/6179445351947_fete-anniversaire-30-ans-indispensables-300x162.webp 300w, https:\/\/vieventevent.com\/wp-content\/uploads\/2025\/06\/6179445351947_fete-anniversaire-30-ans-indispensables.webp 855w\" sizes=\"(max-width: 331px) 100vw, 331px\" \/><\/span><\/span><\/span><\/figure>\n<figure class=\"wp-block-image size-large\">\n<p class=\"font_7\" style=\"text-align: center;\"><strong><span style=\"font-family: 'Petit Formal Script';\">D\u00e9couvrez quelques-uns des \u00e9v\u00e8nements m\u00e9morables que nous avons eu le plaisir d'organiser.<\/span><\/strong><\/p>\n<p class=\"font_7\" style=\"text-align: center;\"><strong><span style=\"font-family: 'Petit Formal Script';\">Chaque \u00e9v\u00e8nement est unique et personnalis\u00e9 selon les pr\u00e9f\u00e9rences de nos clients.<\/span><\/strong><\/p>\n<p>&nbsp;<\/p>\n<\/figure>\n<p class=\"font_7\"><em><strong><span style=\"font-family: 'Petit Formal Script';\">Voir les photos<\/span><\/strong><\/em><\/p>\n\n<p>&nbsp;<\/p>\n<\/div>\n<\/div>\n<\/div><\/div><div class=\"vce-text-block\"><div class=\"vce-text-block-wrapper vce\" id=\"el-5faef4f3\" data-vce-do-apply=\"all el-5faef4f3\">\n<div class=\"wp-block-cover alignfull has-white-background-color has-background-dim hestia-clear-top-padding is-layout-flow wp-block-cover-is-layout-flow\">\n<div class=\"wp-block-cover__inner-container\">\n<div class=\"wp-block-columns container\">\n<p class=\"wp-block-column\">&nbsp;<\/p>\n<div class=\"wp-block-column\">\n<p class=\"has-text-align-center has-text-color\" style=\"color: #3c4858; font-size: 18px; text-align: center;\"><span style=\"font-family: 'Dancing Script'; font-size: 24pt;\">Vos T\u00e9moignages<\/span><\/p>\n<\/div>\n<\/div>\n<\/div>\n<\/div>\n<div class=\"wp-block-cover alignfull has-white-background-color has-background-dim hestia-clear-top-padding\">\n<div class=\"wp-block-cover__inner-container\">\n<div class=\"wp-block-columns container\">\n<p style=\"text-align: center;\"><span style=\"color: #000000;\"><strong><span style=\"font-family: 'Petit Formal Script';\">\u00ab L'\u00e9quipe de Vi'Event a su rendre notre mariage magique et sans stress. Leur professionnalisme et leur cr\u00e9ativit\u00e9 sont remarquables. \u00bb<\/span><\/strong><\/span><\/p>\n<\/div>\n<\/div>\n<\/div>\n<div class=\"wp-block-columns container\">\n<div class=\"wp-block-column col-md-6 col-md-offset1 is-layout-flow wp-block-column-is-layout-flow\">\n<div class=\"wp-block-spacer\" style=\"height: 55px;\" aria-hidden=\"true\"><span style=\"color: #000000;\"><strong><span style=\"font-family: 'Petit Formal Script';\">S\u00e9verine et Fr\u00e9d\u00e9ric<\/span><\/strong><\/span><\/div>\n<\/div>\n<div aria-hidden=\"true\"><span style=\"color: #000000;\"><em><strong><span style=\"font-family: 'Petit Formal Script';\">Lire d'autres avis&nbsp;<\/span><\/strong><\/em><\/span><\/div>\n<div class=\"wp-block-column col-md-6 col-md-offset1\">\n<figure class=\"wp-block-image size-large\"><img decoding=\"async\" class=\"wp-image-81\" src=\"wp-content\/themes\/hestia\/assets\/img\/about-content.png\" alt=\"\"><\/figure>\n<p>&nbsp;<\/p>\n<\/div>\n<\/div>\n<!-- \/wp:columns --><\/div><\/div><\/div><\/div><\/div><\/div><\/div><\/div>","protected":false},"excerpt":{"rendered":"<p>Nos services Vi&rsquo;Event est sp\u00e9cialis\u00e9 dans l&rsquo;organisation personnalis\u00e9e de tous types d&rsquo;\u00e9v\u00e8nements. Que ce soit un mariage, un anniversair e, une gender reveal, un bapt\u00eame ou m\u00eame une f\u00eate d&rsquo;entreprise, nous nous occupons de tout pour rendre votre \u00e9v\u00e8nement inoubliable. De la location de mat\u00e9riel \u00e9v\u00e8nementiel est \u00e9galement possible. Et afin de personnaliser encore plus &hellip; <\/p>\n<p class=\"link-more\"><a href=\"https:\/\/vieventevent.com\/\" class=\"more-link\">Lire la suite de<span class=\"screen-reader-text\">\u00ab\u00a0Bienvenue chez Vi&#039;Event\u00a0\u00bb<\/span><\/a><\/p>\n","protected":false},"author":1,"featured_media":113,"parent":0,"menu_order":0,"comment_status":"closed","ping_status":"closed","template":"","meta":{"_themeisle_gutenberg_block_has_review":false,"inspiro_hide_title":false,"footnotes":""},"class_list":["post-97","page","type-page","status-publish","has-post-thumbnail","hentry"],"yoast_head":"<!-- This site is optimized with the Yoast SEO plugin v25.2 - https:\/\/yoast.com\/wordpress\/plugins\/seo\/ -->\n<title>Bienvenue chez Vi&#039;Event - WordPress<\/title>\n<meta name=\"robots\" content=\"index, follow, max-snippet:-1, max-image-preview:large, max-video-preview:-1\" \/>\n<link rel=\"canonical\" href=\"https:\/\/vieventevent.com\/\" \/>\n<meta property=\"og:locale\" content=\"fr_FR\" \/>\n<meta property=\"og:type\" content=\"article\" \/>\n<meta property=\"og:title\" content=\"Bienvenue chez Vi&#039;Event - WordPress\" \/>\n<meta property=\"og:description\" content=\"Nos services Vi&rsquo;Event est sp\u00e9cialis\u00e9 dans l&rsquo;organisation personnalis\u00e9e de tous types d&rsquo;\u00e9v\u00e8nements. Que ce soit un mariage, un anniversair e, une gender reveal, un bapt\u00eame ou m\u00eame une f\u00eate d&rsquo;entreprise, nous nous occupons de tout pour rendre votre \u00e9v\u00e8nement inoubliable. De la location de mat\u00e9riel \u00e9v\u00e8nementiel est \u00e9galement possible. Et afin de personnaliser encore plus &hellip; Lire la suite de\u00ab\u00a0Bienvenue chez Vi&#039;Event\u00a0\u00bb\" \/>\n<meta property=\"og:url\" content=\"https:\/\/vieventevent.com\/\" \/>\n<meta property=\"og:site_name\" content=\"WordPress\" \/>\n<meta property=\"article:modified_time\" content=\"2025-07-03T13:13:24+00:00\" \/>\n<meta property=\"og:image\" content=\"http:\/\/vieventevent.com\/wp-content\/uploads\/2025\/06\/deco-mariage-chic-et-glamour-1.jpg\" \/>\n\t<meta property=\"og:image:width\" content=\"2048\" \/>\n\t<meta property=\"og:image:height\" content=\"1365\" \/>\n\t<meta property=\"og:image:type\" content=\"image\/jpeg\" \/>\n<meta name=\"twitter:card\" content=\"summary_large_image\" \/>\n<meta name=\"twitter:label1\" content=\"Dur\u00e9e de lecture estim\u00e9e\" \/>\n\t<meta name=\"twitter:data1\" content=\"1 minute\" \/>\n<script type=\"application\/ld+json\" class=\"yoast-schema-graph\">{\"@context\":\"https:\/\/schema.org\",\"@graph\":[{\"@type\":\"WebPage\",\"@id\":\"https:\/\/vieventevent.com\/\",\"url\":\"https:\/\/vieventevent.com\/\",\"name\":\"Bienvenue chez Vi&#039;Event - WordPress\",\"isPartOf\":{\"@id\":\"https:\/\/vieventevent.com\/#website\"},\"primaryImageOfPage\":{\"@id\":\"https:\/\/vieventevent.com\/#primaryimage\"},\"image\":{\"@id\":\"https:\/\/vieventevent.com\/#primaryimage\"},\"thumbnailUrl\":\"https:\/\/vieventevent.com\/wp-content\/uploads\/2025\/06\/deco-mariage-chic-et-glamour-1.jpg\",\"datePublished\":\"2025-06-05T18:56:17+00:00\",\"dateModified\":\"2025-07-03T13:13:24+00:00\",\"breadcrumb\":{\"@id\":\"https:\/\/vieventevent.com\/#breadcrumb\"},\"inLanguage\":\"fr-FR\",\"potentialAction\":[{\"@type\":\"ReadAction\",\"target\":[\"https:\/\/vieventevent.com\/\"]}]},{\"@type\":\"ImageObject\",\"inLanguage\":\"fr-FR\",\"@id\":\"https:\/\/vieventevent.com\/#primaryimage\",\"url\":\"https:\/\/vieventevent.com\/wp-content\/uploads\/2025\/06\/deco-mariage-chic-et-glamour-1.jpg\",\"contentUrl\":\"https:\/\/vieventevent.com\/wp-content\/uploads\/2025\/06\/deco-mariage-chic-et-glamour-1.jpg\",\"width\":2048,\"height\":1365},{\"@type\":\"BreadcrumbList\",\"@id\":\"https:\/\/vieventevent.com\/#breadcrumb\",\"itemListElement\":[{\"@type\":\"ListItem\",\"position\":1,\"name\":\"Accueil\",\"item\":\"https:\/\/vieventevent.com\/\"},{\"@type\":\"ListItem\",\"position\":2,\"name\":\"Bienvenue chez Vi&#039;Event\"}]},{\"@type\":\"WebSite\",\"@id\":\"https:\/\/vieventevent.com\/#website\",\"url\":\"https:\/\/vieventevent.com\/\",\"name\":\"WordPress\",\"description\":\"Un site utilisant WordPress\",\"potentialAction\":[{\"@type\":\"SearchAction\",\"target\":{\"@type\":\"EntryPoint\",\"urlTemplate\":\"https:\/\/vieventevent.com\/?s={search_term_string}\"},\"query-input\":{\"@type\":\"PropertyValueSpecification\",\"valueRequired\":true,\"valueName\":\"search_term_string\"}}],\"inLanguage\":\"fr-FR\"}]}<\/script>\n<!-- \/ Yoast SEO plugin. -->","yoast_head_json":{"title":"Bienvenue chez Vi&#039;Event - WordPress","robots":{"index":"index","follow":"follow","max-snippet":"max-snippet:-1","max-image-preview":"max-image-preview:large","max-video-preview":"max-video-preview:-1"},"canonical":"https:\/\/vieventevent.com\/","og_locale":"fr_FR","og_type":"article","og_title":"Bienvenue chez Vi&#039;Event - WordPress","og_description":"Nos services Vi&rsquo;Event est sp\u00e9cialis\u00e9 dans l&rsquo;organisation personnalis\u00e9e de tous types d&rsquo;\u00e9v\u00e8nements. Que ce soit un mariage, un anniversair e, une gender reveal, un bapt\u00eame ou m\u00eame une f\u00eate d&rsquo;entreprise, nous nous occupons de tout pour rendre votre \u00e9v\u00e8nement inoubliable. De la location de mat\u00e9riel \u00e9v\u00e8nementiel est \u00e9galement possible. Et afin de personnaliser encore plus &hellip; Lire la suite de\u00ab\u00a0Bienvenue chez Vi&#039;Event\u00a0\u00bb","og_url":"https:\/\/vieventevent.com\/","og_site_name":"WordPress","article_modified_time":"2025-07-03T13:13:24+00:00","og_image":[{"width":2048,"height":1365,"url":"http:\/\/vieventevent.com\/wp-content\/uploads\/2025\/06\/deco-mariage-chic-et-glamour-1.jpg","type":"image\/jpeg"}],"twitter_card":"summary_large_image","twitter_misc":{"Dur\u00e9e de lecture estim\u00e9e":"1 minute"},"schema":{"@context":"https:\/\/schema.org","@graph":[{"@type":"WebPage","@id":"https:\/\/vieventevent.com\/","url":"https:\/\/vieventevent.com\/","name":"Bienvenue chez Vi&#039;Event - WordPress","isPartOf":{"@id":"https:\/\/vieventevent.com\/#website"},"primaryImageOfPage":{"@id":"https:\/\/vieventevent.com\/#primaryimage"},"image":{"@id":"https:\/\/vieventevent.com\/#primaryimage"},"thumbnailUrl":"https:\/\/vieventevent.com\/wp-content\/uploads\/2025\/06\/deco-mariage-chic-et-glamour-1.jpg","datePublished":"2025-06-05T18:56:17+00:00","dateModified":"2025-07-03T13:13:24+00:00","breadcrumb":{"@id":"https:\/\/vieventevent.com\/#breadcrumb"},"inLanguage":"fr-FR","potentialAction":[{"@type":"ReadAction","target":["https:\/\/vieventevent.com\/"]}]},{"@type":"ImageObject","inLanguage":"fr-FR","@id":"https:\/\/vieventevent.com\/#primaryimage","url":"https:\/\/vieventevent.com\/wp-content\/uploads\/2025\/06\/deco-mariage-chic-et-glamour-1.jpg","contentUrl":"https:\/\/vieventevent.com\/wp-content\/uploads\/2025\/06\/deco-mariage-chic-et-glamour-1.jpg","width":2048,"height":1365},{"@type":"BreadcrumbList","@id":"https:\/\/vieventevent.com\/#breadcrumb","itemListElement":[{"@type":"ListItem","position":1,"name":"Accueil","item":"https:\/\/vieventevent.com\/"},{"@type":"ListItem","position":2,"name":"Bienvenue chez Vi&#039;Event"}]},{"@type":"WebSite","@id":"https:\/\/vieventevent.com\/#website","url":"https:\/\/vieventevent.com\/","name":"WordPress","description":"Un site utilisant WordPress","potentialAction":[{"@type":"SearchAction","target":{"@type":"EntryPoint","urlTemplate":"https:\/\/vieventevent.com\/?s={search_term_string}"},"query-input":{"@type":"PropertyValueSpecification","valueRequired":true,"valueName":"search_term_string"}}],"inLanguage":"fr-FR"}]}},"_links":{"self":[{"href":"https:\/\/vieventevent.com\/index.php\/wp-json\/wp\/v2\/pages\/97","targetHints":{"allow":["GET"]}}],"collection":[{"href":"https:\/\/vieventevent.com\/index.php\/wp-json\/wp\/v2\/pages"}],"about":[{"href":"https:\/\/vieventevent.com\/index.php\/wp-json\/wp\/v2\/types\/page"}],"author":[{"embeddable":true,"href":"https:\/\/vieventevent.com\/index.php\/wp-json\/wp\/v2\/users\/1"}],"replies":[{"embeddable":true,"href":"https:\/\/vieventevent.com\/index.php\/wp-json\/wp\/v2\/comments?post=97"}],"version-history":[{"count":24,"href":"https:\/\/vieventevent.com\/index.php\/wp-json\/wp\/v2\/pages\/97\/revisions"}],"predecessor-version":[{"id":162,"href":"https:\/\/vieventevent.com\/index.php\/wp-json\/wp\/v2\/pages\/97\/revisions\/162"}],"wp:featuredmedia":[{"embeddable":true,"href":"https:\/\/vieventevent.com\/index.php\/wp-json\/wp\/v2\/media\/113"}],"wp:attachment":[{"href":"https:\/\/vieventevent.com\/index.php\/wp-json\/wp\/v2\/media?parent=97"}],"curies":[{"name":"wp","href":"https:\/\/api.w.org\/{rel}","templated":true}]}}